/15 + -1 + 14/3. Suppose -3*d = w - 51, 4*w = -b*d + 2*d + 34. Suppose 0*j = -2*j + 68. What is the highest common divisor of j and d?
17
Suppose 2*c - 78 = 5*v, 2*v - c = -2*v - 60. Let u = v + 20. Suppose u = -0*f + f. Calculate the greatest common factor of f and 48.
6
Let d = -1792 - -1802. Suppose 3*p - 3 = -3*h, 4*p - 5*p = -3*h + 19. Calculate the greatest common divisor of d and h.
5
Let m be 2 + -2*(17 - 2) + -2. Let i = -17 - m. Let v(k) = -2*k**3 - 3*k**2 + 3*k - 3. Let c be v(-4). Calculate the highest common divisor of c and i.
13
Suppose 4*y - 735 = -y. Suppose -9*c - 178 + 367 = 0. What is the greatest common divisor of y and c?
21
Suppose -3*z - 11 = -s, 33 = z - 5*z + 5*s. Let u be (-248)/(-14) + 2*z/(-14). What is the highest common factor of u and 162?
18
Suppose 14*w + 187 = 31*w. Calculate the highest common factor of 473 and w.
11
Suppose -9*t = 551 - 803. Calculate the greatest common divisor of 1134 and t.
14
Suppose -5075 = -8*o - 1659. What is the greatest common factor of 14 and o?
7
Let n(g) = 3*g**2 + 3*g - 21. Let x be n(4). What is the highest common factor of 3 and x?
3
Suppose 2*b + z - 59 = 0, -b + 3*z + 40 = 7*z. Let i = 31 - 17. What is the greatest common divisor of b and i?
14
Suppose 90*p - 93*p + 544 = -r, 3*r - 6 = 0. What is the highest common factor of p and 286?
26
Suppose -22*t = -23*t - 6. Let o(z) = z**2 + 7*z + 5. Let f be o(-4). Let d = t - f. Calculate the highest common factor of d and 5.
1
Let b(l) = 32*l - 46. Let n be b(2). Let c(s) = 5*s - 2. Let f be c(4). What is the highest common factor of n and f?
18
Let l be (-8)/(-2) + 2 + -8. Let c be -1*(-172 + 4) - l. Calculate the greatest common factor of c and 68.
34
Let v(h) = 2*h - 12. Let j be v(7). Suppose 0 = 2*z + 5*m - 80, 2*z + z - j*m - 101 = 0. What is the greatest common divisor of z and 14?
7
Let k = 591 - 570. Let q(r) = r**3 + 5*r**2 - 2*r - 3. Let u be q(-4). Calculate the highest common divisor of k and u.
21
Let u(i) = -6*i + 45. Let v be u(1). Calculate the highest common divisor of 2 and v.
1
Let o(r) = -217*r - 766. Let h be o(-4). Calculate the greatest common factor of h and 3876.
102
Let l = -149 - -77. Let z = l - -75. Calculate the highest common divisor of z and 1.
1
Let h(q) = 17*q**2 - 2*q. Let i be h(-2). Let f = -2698 - -2706. Calculate the greatest common divisor of f and i.
8
Let n(a) = a**3 - 7*a**2 + 7*a - 7. Let o be n(6). Let g be -2 + -1 + (-2 - o). Let t be (g + 1 + 2)*-13. Calculate the highest common divisor of t and 117.
13
Suppose w + 3*k = 2 + 13, -3*k = 2*w - 36. Let v = -2695 + 2884. Calculate the greatest common divisor of w and v.
21
Let w(r) = -103*r**2 - r + 2. Let q be w(-1). Let g = -81 - q. What is the highest common divisor of 57 and g?
19
Let a(h) = 102*h**3 - 3*h**2 - 4*h + 4. Let s be a(2). What is the greatest common factor of 75 and s?
25
Suppose 0 = 3*y - 5 - 4. Let z be 2/y*111/2. Suppose 6*r = r - 5*n + 185, 4*n - z = -r. Calculate the greatest common factor of r and 333.
37
Suppose -3*d = 33 - 111. Suppose 480 = 2*s - b + 15, 0 = 5*s - 4*b - 1158. Calculate the highest common divisor of s and d.
26
Let r be (-144)/40*10/(-4). Calculate the highest common divisor of r and 63.
9
Let o(s) = -7*s - 2. Let v be o(-2). Suppose -52*q = -5*q - 423. Calculate the highest common factor of v and q.
3
Let p be ((-14)/(-4))/(9/36). Suppose 4*h - 2*h = z - p, -3*h = 0. What is the highest common factor of z and 14?
14
Let c(l) = -78*l**3 + l**2 + l. Let o be c(-1). Suppose 7*s = 5*s + 4. Suppose -h - s*h = -o. Calculate the greatest common divisor of 39 and h.
13
Let w(o) = 9*o + 92. Let k be w(-8). Suppose -2*f + 2 + 2 = 0. Suppose 2*j = -f + 10. What is the greatest common factor of j and k?
4
Let o be 175/14 - 1*3/6. Suppose 0 = -2*p - 3*p + 20. Suppose 5*r = s + 30, p*r - s - 20 - 4 = 0. What is the highest common divisor of o and r?
6
Suppose h + 2*h - 42 = 0. Suppose -g - 3*f = -8, h = 3*g + g + 3*f. Suppose -g*a = -29 - 31. What is the highest common divisor of 15 and a?
15
Let q(w) = w**2 - 4*w + 5. Let s be q(5). Suppose -4*z = -6*z + s. Calculate the highest common factor of 1 and z.
1
Suppose 111 + 231 = 19*b. What is the greatest common factor of b and 9?
9
Suppose -5*p + 325 = 5*s, 4*s + 9*p - 225 = 12*p. Suppose -5*r + 2*r + 135 = 0. Calculate the highest common divisor of r and s.
15
Let y = 5 + -1. Suppose y*a - 3*h - 48 = 0, 2*a - 3*h - 24 = -0*h. Calculate the highest common factor of a and 108.
12
Suppose -2*p = -278 - 42. What is the greatest common divisor of 48 and p?
16
Let q = 0 - 8. Let f = q + 4. Let i(y) = -y**3 - 3*y**2 - 2*y - 3. Let w be i(f). Calculate the greatest common divisor of 3 and w.
3
Suppose 535 = 2*i - 529. What is the highest common divisor of i and 228?
76
Let s be (-8)/(-28) - 4/14. Suppose s = -9*h + 11*h - 8. Suppose -20 = -5*f - 5*j, 3*f - h - 6 = -5*j. What is the highest common divisor of f and 2?
1
Let r(t) = t**2 + 12*t + 27. Let m be r(-11). What is the highest common divisor of 1 and m?
1
Let j be (29 + -11)/(1*-1). Let i be 3/18 - 69/j. Suppose -13 = -i*o + 19. What is the greatest common factor of o and 56?
8
Let q(g) be the first derivative of -2*g**4 + 10 - 2/3*g**3 + 2*g - 1/2*g**2. Let w be q(-2). Calculate the greatest common factor of 24 and w.
12
Let x = 3 + -3. Suppose 0*u - u = -3, 5*j - 4*u + 7 = x. Let y be (5 + (-3 - -2))/j. Calculate the highest common divisor of y and 40.
4
Suppose -9 = 6*a - 3*a, -5*a + 475 = 5*k. Let q be (-4)/(-16) - k/8. Let t be (9*2)/((-4)/q). What is the highest common factor of 18 and t?
18
Suppose -3*q - 2*m = -4*m - 9, m = -3*q. Let i be ((q - 4) + 38/4)*22. Let d = 4 - -9. Calculate the greatest common factor of d and i.
13
Suppose 0 = s - 5*t - 479, -3*t - 200 + 703 = s. Calculate the highest common divisor of s and 57.
19
Let n(f) = f**2 + 8*f - 12. Let r be n(4). What is the greatest common factor of r and 45?
9
Let m(f) = -f**3 - 23*f**2 + 21*f + 32. Let n be m(-24). Calculate the highest common factor of n and 8.
8
Suppose 0 = 3*t - 0*t - 21. Suppose -t = -b - 31. Let u = b + 28. What is the highest common divisor of u and 16?
4
Let h(x) = -x**2 + 12*x - 6. Let o be h(11). Let w be ((-16)/o)/(6/(-60)). Calculate the highest common factor of w and 4.
4
Let n be -3*1 + 0 + 204/12. What is the greatest common factor of n and 14?
14
Let a = 61 - -9. Suppose 2*t + 3*t = a. Calculate the highest common divisor of 56 and t.
14
Let p(y) = -y**2 + 7*y + 4. Let n be (-36)/(-15)*(-10)/(-4). Let x be p(n). What is the greatest common factor of 5 and x?
5
Let b = 242 - 165. Suppose 3*m - 3*f = 21, -209*m + 210*m = 5*f - 9. What is the greatest common factor of b and m?
11
Let i(m) = 2*m**3 - 6*m**2 + 17*m - 75. Let x be i(6). What is the highest common divisor of 9 and x?
9
Suppose 2*q - 10 = 3*u, -4*q + 24 = 5*u + 4. Let j = q + -5. Suppose j = -0*c - 4*c + 12. Calculate the greatest common divisor of c and 33.
3
Let r = 2 - -3. Suppose 36*f - 31*f - 200 = 0. What is the greatest common divisor of r and f?
5
Let b(q) = -5*q**3 + 28*q**2 - 11*q + 22. Let v be b(5). Calculate the highest common factor of v and 154.
14
Let i = 21 - 21. Suppose i = j - 92 + 62. Calculate the highest common divisor of 45 and j.
15
Suppose -g = 7*h - 5*h - 24, 5*g = h - 12. Suppose 132 = 10*w + h. What is the highest common divisor of w and 18?
6
Let y(n) = -2*n - 36 + 0*n + 6*n. Let v be y(12). What is the greatest common factor of 60 and v?
12
Let f be (-5)/5 + 7 + -4. Let t be 37 + 6 + -5 + f. Calculate the greatest common factor of t and 20.
20
Let u(o) = o**3 - 60*o**2 + 119*o - 126. Let l be u(58). What is the highest common factor of 276 and l?
12
Let z = -859 - -2128. What is the greatest common factor of z and 47?
47
Let h = 19 - 21. Let a be 6/20*2*(12 + h). What is the greatest common factor of 30 and a?
6
Let j(s) = 17*s - 27. Let q be j(5). Let c = -41 + q. Calculate the greatest common factor of c and 153.
17
Let x be 2/(-8) - (-3554)/8. Calculate the highest common factor of x and 12.
12
Suppose 10*n - 10 = 9*n. Let o = 20 - n. Calculate the greatest common factor of o and 70.
10
Suppose 29*q - 169 = 179. Let b = -24 + 60. What is the greatest common factor of q and b?
12
Suppose 23*j = 76*j - 14575. What is t